{"id":35,"date":"2024-03-13T16:00:02","date_gmt":"2024-03-13T16:00:02","guid":{"rendered":"https:\/\/rockneck.fi\/?page_id=35"},"modified":"2025-10-26T15:08:07","modified_gmt":"2025-10-26T15:08:07","slug":"tapahtumat","status":"publish","type":"page","link":"https:\/\/rockneck.fi\/index.php\/tapahtumat\/","title":{"rendered":"Tapahtumat"},"content":{"rendered":"\n<div class=\"wp-block-columns is-layout-flex wp-container-core-columns-is-layout-28f84493 wp-block-columns-is-layout-flex\">\n<div class=\"wp-block-column is-layout-flow wp-block-column-is-layout-flow\" style=\"flex-basis:100%\">\n<div class=\"wp-block-group alignfull has-base-2-background-color has-background has-global-padding is-layout-constrained wp-container-core-group-is-layout-669513ed wp-block-group-is-layout-constrained\" style=\"margin-top:0;margin-bottom:0;padding-top:var(--wp--preset--spacing--50);padding-right:var(--wp--preset--spacing--50);padding-bottom:var(--wp--preset--spacing--50);padding-left:var(--wp--preset--spacing--50)\">\n<div class=\"wp-block-group is-vertical is-content-justification-center is-layout-flex wp-container-core-group-is-layout-52b864f0 wp-block-group-is-layout-flex\">\n<div style=\"height:0px\" aria-hidden=\"true\" class=\"wp-block-spacer wp-container-content-4f2ccadb\"><\/div>\n\n\n\n<h2 class=\"wp-block-heading\">Livekeikat<\/h2>\n\n\n\n<div style=\"margin-top:0;margin-bottom:0;height:31px\" aria-hidden=\"true\" class=\"wp-block-spacer wp-container-content-38cd910e\"><\/div>\n\n\n\n<p class=\"has-text-align-center\">\u00c4l\u00e4 missaa parhaita keikkoja,<\/p>\n\n\n\n<p class=\"has-text-align-center\">seuraa tapahtumailmoituksiamme<\/p>\n\n\n\n<p class=\"has-text-align-center\">Facebook: <strong><a href=\"https:\/\/www.facebook.com\/profile.php?id=61555985616004&amp;sk=events\">RockNeck<\/a> j<\/strong>a Instagram: rockneck.jkl<\/p>\n\n\n\n<p class=\"has-text-align-center\">Liput ovelta ja ennakkoliput  RockNeck sek\u00e4 Avenue Bar &amp; Diner (Kauppakatu 28).<\/p>\n<\/div>\n\n\n\n<div class=\"wp-block-columns alignwide is-layout-flex wp-container-core-columns-is-layout-d0bbbce0 wp-block-columns-is-layout-flex\">\n<div class=\"wp-block-column is-layout-flow wp-container-core-column-is-layout-e3d1c41b wp-block-column-is-layout-flow\"><\/div>\n<\/div>\n\n\n\n<div class=\"wp-block-group has-global-padding is-layout-constrained wp-block-group-is-layout-constrained\">\n<p>Su 26.4. <a href=\"https:\/\/www.facebook.com\/events\/3295510193940145\">Jorma Mattila &amp; Ulkopuoliset  \/ P\u00e4ssipilli<\/a><\/p>\n\n\n\n<p>Ke 29.4. <a href=\"https:\/\/www.facebook.com\/events\/770460139163237\">Antivalent w\/ Kelo<\/a><\/p>\n\n\n\n<p>Pe 30.4. <a href=\"https:\/\/facebook.com\/events\/s\/rimbacher-serpico-live-rocknec\/2391090364663794\/\">HARD ROCK VAPPU: Rimbacher &amp;  Serpico<\/a><\/p>\n\n\n\n<p>Pe 1.5. <a href=\"https:\/\/www.facebook.com\/events\/2043490102867978\">Dirty Deeds Indeed -VAPPU AC\/DC Extravaganza<\/a><\/p>\n\n\n\n<p>La 2.5. <a href=\"https:\/\/www.facebook.com\/events\/1561439924955838\">East Electric \/ Throwing Rocks<\/a><\/p>\n\n\n\n<p>Su 3.5. <a href=\"https:\/\/www.facebook.com\/events\/1547816432996916\">Jyv\u00e4skyl\u00e4 Metal Evening: Exision, Chainline, Thy Throne<\/a><\/p>\n\n\n\n<p>To 7.5. <a href=\"https:\/\/www.facebook.com\/events\/2357482144736483\">Heroes Don&#8217;t Ask Why, Silent Waters<\/a><\/p>\n\n\n\n<p>Pe 8.5. <a href=\"https:\/\/www.facebook.com\/events\/2141548173255032\">FlexiBile<\/a><\/p>\n\n\n\n<p>La 9.5. <a href=\"https:\/\/facebook.com\/events\/s\/timo-haikarainen-blues-band-ra\/1508169130881075\/\">Timo Haikarainen Blues Band<\/a><\/p>\n\n\n\n<p>Ke 13.5. <a href=\"https:\/\/www.facebook.com\/events\/1259777392928088\">Astral Sleep \/ S\u00e1wol \/ Autius<\/a><\/p>\n\n\n\n<p>To 14.5. <a href=\"https:\/\/www.facebook.com\/events\/1807466653257127\">YOMI \/ VALPUR \/ MONOLICHT<\/a><\/p>\n\n\n\n<p>La 16.5. <a href=\"https:\/\/www.facebook.com\/events\/833910879510213\">W\u00e4iski<\/a><\/p>\n\n\n\n<p>Su 17.5. <a href=\"https:\/\/www.facebook.com\/events\/801082439747218\">&#8221;Jyv\u00e4skyl\u00e4 Love Bomb&#8221; \u2013 ConSane plays the 80&#8217;s<\/a>&nbsp;<\/p>\n\n\n\n<p>Pe 22.5. <a href=\"https:\/\/www.facebook.com\/events\/1677473513409016\">Acoustenced plays Sentenced<\/a><\/p>\n\n\n\n<p>To 28.5.<a href=\"https:\/\/www.facebook.com\/events\/4113556425441423\"> Progeny of Sun \/ Denominate \/ Vermithor<\/a><\/p>\n<\/div>\n\n\n\n<div style=\"height:var(--wp--preset--spacing--20)\" aria-hidden=\"true\" class=\"wp-block-spacer\"><\/div>\n<\/div>\n<\/div>\n<\/div>\n\n\n\n<div class=\"wp-block-group alignfull has-base-2-background-color has-background has-global-padding is-layout-constrained wp-container-core-group-is-layout-669513ed wp-block-group-is-layout-constrained\" style=\"margin-top:0;margin-bottom:0;padding-top:var(--wp--preset--spacing--50);padding-right:var(--wp--preset--spacing--50);padding-bottom:var(--wp--preset--spacing--50);padding-left:var(--wp--preset--spacing--50)\">\n<h2 class=\"wp-block-heading has-text-align-center\">Info<\/h2>\n\n\n\n<div style=\"margin-top:0;margin-bottom:0;height:55px\" aria-hidden=\"true\" class=\"wp-block-spacer\"><\/div>\n\n\n\n<div class=\"wp-block-columns alignwide is-layout-flex wp-container-core-columns-is-layout-d0bbbce0 wp-block-columns-is-layout-flex\">\n<div class=\"wp-block-column is-layout-flow wp-container-core-column-is-layout-e3d1c41b wp-block-column-is-layout-flow\">\n<h3 class=\"wp-block-heading has-text-align-left is-style-asterisk has-body-font-family has-medium-font-size\" style=\"font-style:normal;font-weight:600\">Aukioloajat<\/h3>\n\n\n\n<p class=\"has-text-align-left\">Palvelemme ke-to 18-00 (02), pe-la 18-02 (04), su 18-00 (02)<\/p>\n<\/div>\n\n\n\n<div class=\"wp-block-column is-layout-flow wp-container-core-column-is-layout-e3d1c41b wp-block-column-is-layout-flow\">\n<h3 class=\"wp-block-heading has-text-align-left is-style-asterisk has-body-font-family has-medium-font-size\" style=\"font-style:normal;font-weight:600\">Saapuminen ja esteett\u00f6myys<\/h3>\n\n\n\n<p class=\"has-text-align-left\">Sis\u00e4\u00e4nk\u00e4ynti Asemakatu 7, Kauppakeskus Forum, 40100 Jyv\u00e4skyl\u00e4<\/p>\n\n\n\n<p class=\"has-text-align-left\">Sis\u00e4\u00e4nk\u00e4ynti ja ravintolatila on portaaton, ravintolassa esteet\u00f6n wc.<\/p>\n<\/div>\n\n\n\n<div class=\"wp-block-column is-layout-flow wp-container-core-column-is-layout-e3d1c41b wp-block-column-is-layout-flow\">\n<h3 class=\"wp-block-heading has-text-align-left is-style-asterisk has-body-font-family has-medium-font-size\" style=\"font-style:normal;font-weight:600\">Liput<\/h3>\n\n\n\n<p class=\"has-text-align-left\">Ennakkoliput myynniss\u00e4 RockNeck sek\u00e4 Avenue Bar &amp; Diner (Kauppakatu 28). Lipunmyynti ovella, mik\u00e4li keikka ei ole loppuunmyyty.<\/p>\n<\/div>\n<\/div>\n\n\n\n<div style=\"height:var(--wp--preset--spacing--20)\" aria-hidden=\"true\" class=\"wp-block-spacer\"><\/div>\n\n\n\n<div class=\"wp-block-columns alignwide is-layout-flex wp-container-core-columns-is-layout-d0bbbce0 wp-block-columns-is-layout-flex\">\n<div class=\"wp-block-column is-layout-flow wp-container-core-column-is-layout-e3d1c41b wp-block-column-is-layout-flow\">\n<h3 class=\"wp-block-heading has-text-align-left is-style-asterisk has-body-font-family has-medium-font-size\" style=\"font-style:normal;font-weight:600\">Narikka<\/h3>\n\n\n\n<p class=\"has-text-align-left\">Keikkailtoina k\u00e4yt\u00f6ss\u00e4 maksullinen narikka, minne j\u00e4tet\u00e4\u00e4n takit, reput ja isot laukut.<\/p>\n<\/div>\n\n\n\n<div class=\"wp-block-column is-layout-flow wp-container-core-column-is-layout-e3d1c41b wp-block-column-is-layout-flow\">\n<h3 class=\"wp-block-heading has-text-align-left is-style-asterisk has-body-font-family has-medium-font-size\" style=\"font-style:normal;font-weight:600\">Kuvaaminen<\/h3>\n\n\n\n<p class=\"has-text-align-left\">Keikkojen kuvaaminen on yleens\u00e4 sallittu esim. k\u00e4nnyk\u00e4ll\u00e4, ellei muuta ilmoitettu, j\u00e4rjestelm\u00e4kameran tuomisesta sovittava erikseen. \u00c4l\u00e4 k\u00e4yt\u00e4 salamaa tai h\u00e4iritse esiintyji\u00e4 ja muuta yleis\u00f6\u00e4. Huomioithan muiden paikalla olijoiden yksityisyyden, \u00e4l\u00e4 kuvaa yleis\u00f6\u00e4 tai henkil\u00f6kuntaa ilman kuvattavan lupaa.<\/p>\n<\/div>\n\n\n\n<div class=\"wp-block-column is-layout-flow wp-container-core-column-is-layout-e3d1c41b wp-block-column-is-layout-flow\">\n<h3 class=\"wp-block-heading has-text-align-left is-style-asterisk has-body-font-family has-medium-font-size\" style=\"font-style:normal;font-weight:600\">L\u00f6yt\u00f6tavarat<\/h3>\n\n\n\n<p class=\"has-text-align-left\">L\u00f6yt\u00f6tavaroita voit kysy\u00e4 aukioloaikana ravintolasta. Toimitamme l\u00f6yt\u00f6tavarat  Jyv\u00e4skyl\u00e4n Poliisiaseman l\u00f6yt\u00f6tavaroihin (Urhonkatu 2).<\/p>\n<\/div>\n<\/div>\n<\/div>\n\n\n\n<div class=\"wp-block-group alignfull has-global-padding is-layout-constrained wp-container-core-group-is-layout-d89aad35 wp-block-group-is-layout-constrained\" style=\"margin-top:0;margin-bottom:0;padding-top:var(--wp--preset--spacing--50);padding-right:var(--wp--preset--spacing--50);padding-bottom:var(--wp--preset--spacing--50);padding-left:var(--wp--preset--spacing--50)\">\n<div class=\"wp-block-group alignfull has-global-padding is-layout-constrained wp-container-core-group-is-layout-490fa1db wp-block-group-is-layout-constrained\" style=\"padding-top:var(--wp--preset--spacing--50);padding-right:var(--wp--preset--spacing--50);padding-bottom:var(--wp--preset--spacing--50);padding-left:var(--wp--preset--spacing--50)\">\n<div class=\"wp-block-group has-global-padding is-layout-constrained wp-container-core-group-is-layout-650790e1 wp-block-group-is-layout-constrained\">\n<h1 class=\"wp-block-heading has-text-align-center has-x-large-font-size\">B\u00e4ndeille<\/h1>\n\n\n\n<div style=\"height:1.25rem\" aria-hidden=\"true\" class=\"wp-block-spacer\"><\/div>\n\n\n\n<p class=\"has-text-align-center\">Keikalle RockNeckiin? Ota yhteytt\u00e4 ravintoloitsija Riikka J\u00e4ppinen esiintymisasiat: riikka(at)avenuebar.fi, kiireelliset asiat: 040 064 4844<\/p>\n\n\n\n<div style=\"height:1.25rem\" aria-hidden=\"true\" class=\"wp-block-spacer\"><\/div>\n<\/div>\n\n\n\n<div style=\"height:var(--wp--preset--spacing--30)\" aria-hidden=\"true\" class=\"wp-block-spacer\"><\/div>\n\n\n\n<div class=\"wp-block-columns is-layout-flex wp-container-core-columns-is-layout-28f84493 wp-block-columns-is-layout-flex\">\n<div class=\"wp-block-column is-layout-flow wp-block-column-is-layout-flow\" style=\"flex-basis:100%\">\n<div class=\"wp-block-cover alignwide\"><img loading=\"lazy\" decoding=\"async\" width=\"1600\" height=\"900\" class=\"wp-block-cover__image-background wp-image-68\" alt=\"\" src=\"https:\/\/rockneck.fi\/wp-content\/uploads\/2024\/03\/51b11ebb-9698-431d-aebd-fdeeeec86951.jpg\" data-object-fit=\"cover\" srcset=\"https:\/\/rockneck.fi\/wp-content\/uploads\/2024\/03\/51b11ebb-9698-431d-aebd-fdeeeec86951.jpg 1600w, https:\/\/rockneck.fi\/wp-content\/uploads\/2024\/03\/51b11ebb-9698-431d-aebd-fdeeeec86951-300x169.jpg 300w, https:\/\/rockneck.fi\/wp-content\/uploads\/2024\/03\/51b11ebb-9698-431d-aebd-fdeeeec86951-1024x576.jpg 1024w, https:\/\/rockneck.fi\/wp-content\/uploads\/2024\/03\/51b11ebb-9698-431d-aebd-fdeeeec86951-768x432.jpg 768w, https:\/\/rockneck.fi\/wp-content\/uploads\/2024\/03\/51b11ebb-9698-431d-aebd-fdeeeec86951-1536x864.jpg 1536w\" sizes=\"auto, (max-width: 1600px) 100vw, 1600px\" \/><span aria-hidden=\"true\" class=\"wp-block-cover__background has-background-dim\"><\/span><div class=\"wp-block-cover__inner-container is-layout-flow wp-block-cover-is-layout-flow\">\n<p class=\"has-large-font-size\">Asemakatu 7 (Forum), 40100 Jyv\u00e4skyl\u00e4<\/p>\n<\/div><\/div>\n<\/div>\n<\/div>\n<\/div>\n<\/div>\n","protected":false},"excerpt":{"rendered":"<p>Livekeikat \u00c4l\u00e4 missaa parhaita keikkoja, seuraa tapahtumailmoituksiamme Facebook: RockNeck ja Instagram: rockneck.jkl Liput ovelta ja ennakkoliput RockNeck sek\u00e4 Avenue Bar &amp; Diner (Kauppakatu 28). Info Aukioloajat Palvelemme ke-to 18-00 (02), pe-la 18-02 (04), su 18-00 (02) Saapuminen ja esteett\u00f6myys Sis\u00e4\u00e4nk\u00e4ynti Asemakatu 7, Kauppakeskus Forum, 40100 Jyv\u00e4skyl\u00e4 Sis\u00e4\u00e4nk\u00e4ynti ja ravintolatila on portaaton, ravintolassa esteet\u00f6n wc. Liput [&hellip;]<\/p>\n","protected":false},"author":1,"featured_media":230,"parent":0,"menu_order":0,"comment_status":"closed","ping_status":"closed","template":"","meta":{"footnotes":""},"class_list":["post-35","page","type-page","status-publish","has-post-thumbnail","hentry"],"_links":{"self":[{"href":"https:\/\/rockneck.fi\/index.php\/wp-json\/wp\/v2\/pages\/35","targetHints":{"allow":["GET"]}}],"collection":[{"href":"https:\/\/rockneck.fi\/index.php\/wp-json\/wp\/v2\/pages"}],"about":[{"href":"https:\/\/rockneck.fi\/index.php\/wp-json\/wp\/v2\/types\/page"}],"author":[{"embeddable":true,"href":"https:\/\/rockneck.fi\/index.php\/wp-json\/wp\/v2\/users\/1"}],"replies":[{"embeddable":true,"href":"https:\/\/rockneck.fi\/index.php\/wp-json\/wp\/v2\/comments?post=35"}],"version-history":[{"count":21,"href":"https:\/\/rockneck.fi\/index.php\/wp-json\/wp\/v2\/pages\/35\/revisions"}],"predecessor-version":[{"id":448,"href":"https:\/\/rockneck.fi\/index.php\/wp-json\/wp\/v2\/pages\/35\/revisions\/448"}],"wp:featuredmedia":[{"embeddable":true,"href":"https:\/\/rockneck.fi\/index.php\/wp-json\/wp\/v2\/media\/230"}],"wp:attachment":[{"href":"https:\/\/rockneck.fi\/index.php\/wp-json\/wp\/v2\/media?parent=35"}],"curies":[{"name":"wp","href":"https:\/\/api.w.org\/{rel}","templated":true}]}}

<div class="wp-block-columns is-layout-flex wp-container-core-columns-is-layout-28f84493 wp-block-columns-is-layout-flex">
<div class="wp-block-column is-layout-flow wp-block-column-is-layout-flow" style="flex-basis:100%">
<div class="wp-block-group alignfull has-base-2-background-color has-background has-global-padding is-layout-constrained wp-container-core-group-is-layout-669513ed wp-block-group-is-layout-constrained" style="margin-top:0;margin-bottom:0;padding-top:var(--wp--preset--spacing--50);padding-right:var(--wp--preset--spacing--50);padding-bottom:var(--wp--preset--spacing--50);padding-left:var(--wp--preset--spacing--50)">
<div class="wp-block-group is-vertical is-content-justification-center is-layout-flex wp-container-core-group-is-layout-52b864f0 wp-block-group-is-layout-flex">
<div style="height:0px" aria-hidden="true" class="wp-block-spacer wp-container-content-4f2ccadb"></div>



<h2 class="wp-block-heading">Livekeikat</h2>



<div style="margin-top:0;margin-bottom:0;height:31px" aria-hidden="true" class="wp-block-spacer wp-container-content-38cd910e"></div>



<p class="has-text-align-center">Älä missaa parhaita keikkoja,</p>



<p class="has-text-align-center">seuraa tapahtumailmoituksiamme</p>



<p class="has-text-align-center">Facebook: <strong><a href="https://www.facebook.com/profile.php?id=61555985616004&amp;sk=events">RockNeck</a> j</strong>a Instagram: rockneck.jkl</p>



<p class="has-text-align-center">Liput ovelta ja ennakkoliput  RockNeck sekä Avenue Bar &amp; Diner (Kauppakatu 28).</p>
</div>



<div class="wp-block-columns alignwide is-layout-flex wp-container-core-columns-is-layout-d0bbbce0 wp-block-columns-is-layout-flex">
<div class="wp-block-column is-layout-flow wp-container-core-column-is-layout-e3d1c41b wp-block-column-is-layout-flow"></div>
</div>



<div class="wp-block-group has-global-padding is-layout-constrained wp-block-group-is-layout-constrained">
<p>Su 26.4. <a href="https://www.facebook.com/events/3295510193940145">Jorma Mattila &amp; Ulkopuoliset  / Pässipilli</a></p>



<p>Ke 29.4. <a href="https://www.facebook.com/events/770460139163237">Antivalent w/ Kelo</a></p>



<p>Pe 30.4. <a href="https://facebook.com/events/s/rimbacher-serpico-live-rocknec/2391090364663794/">HARD ROCK VAPPU: Rimbacher &amp;  Serpico</a></p>



<p>Pe 1.5. <a href="https://www.facebook.com/events/2043490102867978">Dirty Deeds Indeed -VAPPU AC/DC Extravaganza</a></p>



<p>La 2.5. <a href="https://www.facebook.com/events/1561439924955838">East Electric / Throwing Rocks</a></p>



<p>Su 3.5. <a href="https://www.facebook.com/events/1547816432996916">Jyväskylä Metal Evening: Exision, Chainline, Thy Throne</a></p>



<p>To 7.5. <a href="https://www.facebook.com/events/2357482144736483">Heroes Don&#8217;t Ask Why, Silent Waters</a></p>



<p>Pe 8.5. <a href="https://www.facebook.com/events/2141548173255032">FlexiBile</a></p>



<p>La 9.5. <a href="https://facebook.com/events/s/timo-haikarainen-blues-band-ra/1508169130881075/">Timo Haikarainen Blues Band</a></p>



<p>Ke 13.5. <a href="https://www.facebook.com/events/1259777392928088">Astral Sleep / Sáwol / Autius</a></p>



<p>To 14.5. <a href="https://www.facebook.com/events/1807466653257127">YOMI / VALPUR / MONOLICHT</a></p>



<p>La 16.5. <a href="https://www.facebook.com/events/833910879510213">Wäiski</a></p>



<p>Su 17.5. <a href="https://www.facebook.com/events/801082439747218">&#8221;Jyväskylä Love Bomb&#8221; – ConSane plays the 80&#8217;s</a>&nbsp;</p>



<p>Pe 22.5. <a href="https://www.facebook.com/events/1677473513409016">Acoustenced plays Sentenced</a></p>



<p>To 28.5.<a href="https://www.facebook.com/events/4113556425441423"> Progeny of Sun / Denominate / Vermithor</a></p>
</div>



<div style="height:var(--wp--preset--spacing--20)" aria-hidden="true" class="wp-block-spacer"></div>
</div>
</div>
</div>



<div class="wp-block-group alignfull has-base-2-background-color has-background has-global-padding is-layout-constrained wp-container-core-group-is-layout-669513ed wp-block-group-is-layout-constrained" style="margin-top:0;margin-bottom:0;padding-top:var(--wp--preset--spacing--50);padding-right:var(--wp--preset--spacing--50);padding-bottom:var(--wp--preset--spacing--50);padding-left:var(--wp--preset--spacing--50)">
<h2 class="wp-block-heading has-text-align-center">Info</h2>



<div style="margin-top:0;margin-bottom:0;height:55px" aria-hidden="true" class="wp-block-spacer"></div>



<div class="wp-block-columns alignwide is-layout-flex wp-container-core-columns-is-layout-d0bbbce0 wp-block-columns-is-layout-flex">
<div class="wp-block-column is-layout-flow wp-container-core-column-is-layout-e3d1c41b wp-block-column-is-layout-flow">
<h3 class="wp-block-heading has-text-align-left is-style-asterisk has-body-font-family has-medium-font-size" style="font-style:normal;font-weight:600">Aukioloajat</h3>



<p class="has-text-align-left">Palvelemme ke-to 18-00 (02), pe-la 18-02 (04), su 18-00 (02)</p>
</div>



<div class="wp-block-column is-layout-flow wp-container-core-column-is-layout-e3d1c41b wp-block-column-is-layout-flow">
<h3 class="wp-block-heading has-text-align-left is-style-asterisk has-body-font-family has-medium-font-size" style="font-style:normal;font-weight:600">Saapuminen ja esteettömyys</h3>



<p class="has-text-align-left">Sisäänkäynti Asemakatu 7, Kauppakeskus Forum, 40100 Jyväskylä</p>



<p class="has-text-align-left">Sisäänkäynti ja ravintolatila on portaaton, ravintolassa esteetön wc.</p>
</div>



<div class="wp-block-column is-layout-flow wp-container-core-column-is-layout-e3d1c41b wp-block-column-is-layout-flow">
<h3 class="wp-block-heading has-text-align-left is-style-asterisk has-body-font-family has-medium-font-size" style="font-style:normal;font-weight:600">Liput</h3>



<p class="has-text-align-left">Ennakkoliput myynnissä RockNeck sekä Avenue Bar &amp; Diner (Kauppakatu 28). Lipunmyynti ovella, mikäli keikka ei ole loppuunmyyty.</p>
</div>
</div>



<div style="height:var(--wp--preset--spacing--20)" aria-hidden="true" class="wp-block-spacer"></div>



<div class="wp-block-columns alignwide is-layout-flex wp-container-core-columns-is-layout-d0bbbce0 wp-block-columns-is-layout-flex">
<div class="wp-block-column is-layout-flow wp-container-core-column-is-layout-e3d1c41b wp-block-column-is-layout-flow">
<h3 class="wp-block-heading has-text-align-left is-style-asterisk has-body-font-family has-medium-font-size" style="font-style:normal;font-weight:600">Narikka</h3>



<p class="has-text-align-left">Keikkailtoina käytössä maksullinen narikka, minne jätetään takit, reput ja isot laukut.</p>
</div>



<div class="wp-block-column is-layout-flow wp-container-core-column-is-layout-e3d1c41b wp-block-column-is-layout-flow">
<h3 class="wp-block-heading has-text-align-left is-style-asterisk has-body-font-family has-medium-font-size" style="font-style:normal;font-weight:600">Kuvaaminen</h3>



<p class="has-text-align-left">Keikkojen kuvaaminen on yleensä sallittu esim. kännykällä, ellei muuta ilmoitettu, järjestelmäkameran tuomisesta sovittava erikseen. Älä käytä salamaa tai häiritse esiintyjiä ja muuta yleisöä. Huomioithan muiden paikalla olijoiden yksityisyyden, älä kuvaa yleisöä tai henkilökuntaa ilman kuvattavan lupaa.</p>
</div>



<div class="wp-block-column is-layout-flow wp-container-core-column-is-layout-e3d1c41b wp-block-column-is-layout-flow">
<h3 class="wp-block-heading has-text-align-left is-style-asterisk has-body-font-family has-medium-font-size" style="font-style:normal;font-weight:600">Löytötavarat</h3>



<p class="has-text-align-left">Löytötavaroita voit kysyä aukioloaikana ravintolasta. Toimitamme löytötavarat  Jyväskylän Poliisiaseman löytötavaroihin (Urhonkatu 2).</p>
</div>
</div>
</div>



<div class="wp-block-group alignfull has-global-padding is-layout-constrained wp-container-core-group-is-layout-d89aad35 wp-block-group-is-layout-constrained" style="margin-top:0;margin-bottom:0;padding-top:var(--wp--preset--spacing--50);padding-right:var(--wp--preset--spacing--50);padding-bottom:var(--wp--preset--spacing--50);padding-left:var(--wp--preset--spacing--50)">
<div class="wp-block-group alignfull has-global-padding is-layout-constrained wp-container-core-group-is-layout-490fa1db wp-block-group-is-layout-constrained" style="padding-top:var(--wp--preset--spacing--50);padding-right:var(--wp--preset--spacing--50);padding-bottom:var(--wp--preset--spacing--50);padding-left:var(--wp--preset--spacing--50)">
<div class="wp-block-group has-global-padding is-layout-constrained wp-container-core-group-is-layout-650790e1 wp-block-group-is-layout-constrained">
<h1 class="wp-block-heading has-text-align-center has-x-large-font-size">Bändeille</h1>



<div style="height:1.25rem" aria-hidden="true" class="wp-block-spacer"></div>



<p class="has-text-align-center">Keikalle RockNeckiin? Ota yhteyttä ravintoloitsija Riikka Jäppinen esiintymisasiat: riikka(at)avenuebar.fi, kiireelliset asiat: 040 064 4844</p>



<div style="height:1.25rem" aria-hidden="true" class="wp-block-spacer"></div>
</div>



<div style="height:var(--wp--preset--spacing--30)" aria-hidden="true" class="wp-block-spacer"></div>



<div class="wp-block-columns is-layout-flex wp-container-core-columns-is-layout-28f84493 wp-block-columns-is-layout-flex">
<div class="wp-block-column is-layout-flow wp-block-column-is-layout-flow" style="flex-basis:100%">
<div class="wp-block-cover alignwide"><img loading="lazy" decoding="async" width="1600" height="900" class="wp-block-cover__image-background wp-image-68" alt="" src="https://rockneck.fi/wp-content/uploads/2024/03/51b11ebb-9698-431d-aebd-fdeeeec86951.jpg" data-object-fit="cover" srcset="https://rockneck.fi/wp-content/uploads/2024/03/51b11ebb-9698-431d-aebd-fdeeeec86951.jpg 1600w, https://rockneck.fi/wp-content/uploads/2024/03/51b11ebb-9698-431d-aebd-fdeeeec86951-300x169.jpg 300w, https://rockneck.fi/wp-content/uploads/2024/03/51b11ebb-9698-431d-aebd-fdeeeec86951-1024x576.jpg 1024w, https://rockneck.fi/wp-content/uploads/2024/03/51b11ebb-9698-431d-aebd-fdeeeec86951-768x432.jpg 768w, https://rockneck.fi/wp-content/uploads/2024/03/51b11ebb-9698-431d-aebd-fdeeeec86951-1536x864.jpg 1536w" sizes="auto, (max-width: 1600px) 100vw, 1600px" /><span aria-hidden="true" class="wp-block-cover__background has-background-dim"></span><div class="wp-block-cover__inner-container is-layout-flow wp-block-cover-is-layout-flow">
<p class="has-large-font-size">Asemakatu 7 (Forum), 40100 Jyväskylä</p>
</div></div>
</div>
</div>
</div>
</div>

<p>Livekeikat Älä missaa parhaita keikkoja, seuraa tapahtumailmoituksiamme Facebook: RockNeck ja Instagram: rockneck.jkl Liput ovelta ja ennakkoliput RockNeck sekä Avenue Bar &amp; Diner (Kauppakatu 28). Info Aukioloajat Palvelemme ke-to 18-00 (02), pe-la 18-02 (04), su 18-00 (02) Saapuminen ja esteettömyys Sisäänkäynti Asemakatu 7, Kauppakeskus Forum, 40100 Jyväskylä Sisäänkäynti ja ravintolatila on portaaton, ravintolassa esteetön wc. Liput [&hellip;]</p>
